c be 799 + (0 - n) + 8. Suppose -20*a = -19*a - c. Is a prime?
False
Suppose -4*r = -2*k + 10172, 25438 = -2*k + 7*k - 2*r. Suppose 0 = -3*m + k + 2649. Is m prime?
True
Let c = -54471 + 114332. Is c prime?
False
Suppose -4*o + 47053 = -d - 3358, 3*o - 37824 = 3*d. Is o a prime number?
True
Let k(o) = -12 - 1 + o**3 + 26*o**2 - 41*o - 2*o**2. Suppose 4*b + 107 = -3*l, 7*l + 125 = -5*b + 5*l. Is k(b) prime?
True
Suppose 5205677 = o - 2*g, 5*o = 19*g - 23*g + 26028427. Is o prime?
False
Let w = 173 - 146. Suppose 0 = w*z - 114099 + 672. Is z a prime number?
True
Let f(y) = -y**2 + 20*y - 19. Let h be f(19). Suppose h = 81*k - 77*k + 72. Is k/(-6)*8997/9 prime?
True
Suppose -212*f - 277*f = -118*f - 17162831. Is f a composite number?
False
Is -63*10/(-45) - -16367 a composite number?
False
Suppose -54*s + 56*s = 4. Suppose 0 = 4*o + s*u + 9 - 7, 0 = -5*u - 15. Is (-3 - (-434)/4)/(o/6) composite?
True
Suppose 0 = 3*p - 12*u + 16*u + 20245, -5*p - 33759 = -2*u. Let b = 9558 + p. Is b a prime number?
False
Let c(b) = -47*b + 31. Suppose 4*y - 56 = 5*s, -7*y + 9 = -s - 4*y. Let f be c(s). Suppose 24*r - f = 19*r. Is r prime?
False
Suppose 4*x - 5*x - 57 = 2*a, 3*a = -2*x - 116. Let s = 67 + x. Let b(o) = 605*o + 17. Is b(s) composite?
True
Suppose 0 = -4*u + c - 9 - 24, 5*u + 30 = 5*c. Let a be ((-5)/(-6) - 6/u)*-4. Is -46*((-4)/a)/((-16)/132) composite?
True
Let z = 2052 + 11065. Is z a prime number?
False
Let a(t) = 1435*t + 946. Is a(31) prime?
False
Let c(t) = -4*t**2 + t. Let o be c(-2). Let w be 16/10*(-3)/(o/15). Suppose -r - w*v + 7 = -80, v = 5. Is r prime?
True
Suppose -5*x - 5*p + 4765955 = 0, 5*x - 4481732 - 284221 = -4*p. Is x a composite number?
True
Let p = 73 + -93. Is p/90 - 119434/(-18) prime?
False
Let q = 499558 + 202543. Is q a composite number?
False
Suppose -4*y + 8*y = -c + 5329, 4*c = 4*y + 21256. Is c composite?
True
Let b be 2/3*(-30 + 33). Suppose -9054 - 18119 = -4*o + 5*g, 3*o + b*g = 20351. Is o a composite number?
True
Suppose 88 = -4*d - 4*v, -4*v + 5*v = 2*d + 35. Let j = d - -12. Let r(k) = -31*k + 16. Is r(j) a prime number?
True
Let q = 64806 - 33943. Is q a composite number?
True
Let k be 0 + 29 + 6/(-6). Is (14/k)/(2/20156) a prime number?
True
Let g = 122 - 182. Let b = g + 45. Let p = 32 - b. Is p prime?
True
Let h = 1871858 + -1202853. Is h a composite number?
True
Let o(t) = 455*t - 934. Is o(45) a composite number?
False
Let l(f) = f**3 - 7*f**2 + 13*f - 22. Let o be l(6). Let w(z) = -z**3 + 27*z**2 - 5*z + 19. Is w(o) composite?
False
Let v be (4 + 156/(-42))*(-14)/(-4). Is (-11 - (13 + -421))*(v + 0) a composite number?
False
Let i be (-105)/(-42)*(-68)/2. Let l = i - 69. Is (l/3 - -3)*-3 a prime number?
False
Let t be 24/96 - (-34)/(-8). Is (t + 21/6)*-198206 composite?
False
Let o(p) = 678*p - 40. Let j be o(13). Let m = 6653 + j. Is m composite?
False
Let a = 98 - -1. Suppose a*g - 16230 = 93*g. Is g prime?
False
Let f be (-13)/(39/(-18)) - 3. Let w(s) = 2*s**3 - 7*s**2 + 6*s - 7. Let r be w(f). Suppose -r*v + 469 = 5*v. Is v prime?
True
Suppose -1509*d + 1408*d = -23003861. Is d a composite number?
True
Suppose 4*b - 23829 = 2935. Suppose -10*j - b = -47181. Is j composite?
False
Let k = -7786 - -16049. Is k composite?
False
Is 1*(13405 - 36/(-6)) composite?
False
Let f(r) be the second derivative of 5*r - 7/2*r**2 + 0 + 1/2*r**3 + 9/4*r**4. Is f(4) composite?
True
Suppose -2*f + 3188 = -1206. Let j(i) = -2*i**3 + 41*i**2 + 111*i + 104. Let u be j(24). Let r = u + f. Is r a prime number?
False
Suppose 0 = -4*u - 3*q + 1866, u + q - 333 = 133. Suppose 18063 = -29*y + 56*y. Suppose 4*b - b = 3*i - u, 5*b - y = -4*i. Is i a prime number?
False
Let k be (-3)/(-6)*(-43 + 17). Let x(v) = -3*v**3 - 21*v**2 + 39*v + 8. Is x(k) a composite number?
False
Suppose -11538 = 46*r - 82516. Suppose -2*g - 44 = h, -2*h - 80 = g - 5*g. Is r*((-56)/h + 1/(-3)) prime?
True
Let x = -2734 - -3837. Suppose 4*r - 3035 = -2*b + x, 2*b = 5*r - 5195. Is r a prime number?
False
Let k be 58 + -2 + (8 - 3). Suppose 3*r + 8*t = 12*t + k, -4 = -2*t. Is r a composite number?
False
Let l(j) = -j**3 + 37*j**2 + 39*j - 620. Is l(27) a composite number?
False
Suppose 2*h = 8, -2*f - 3*h + 2*h = -13430. Let d = 32796 - f. Is d prime?
True
Suppose 0 = j - 5*o - 14746, -86949 = -4*j - o - 28028. Is j a prime number?
True
Let n(b) be the first derivative of 6*b + 60*b**2 + 13*b + 23 + 25*b**2. Is n(6) a composite number?
False
Suppose 110*j = 1515647 + 924263. Is j prime?
False
Let f(k) = 1075*k**3 - 7*k**2 + 2*k + 15. Is f(4) composite?
False
Suppose 4*n + 5928 = 14592. Let k = n - 760. Is ((-2 - -1) + k)*1 a composite number?
True
Is (2/(266/(-135541)) + (-6)/(-57))*-19 prime?
False
Suppose -5*x + 6482 = 2122. Suppose 24*c = 20*c + x. Suppose -6*b + c = -280. Is b a prime number?
True
Suppose -166 = -6*x + 926. Is (x/(-35) + 5)*-18215 a composite number?
False
Suppose -s - 3*r + 1 = 0, -5*r + 11 = 2*s + 2*s. Suppose 3*g + 5 = -s*c + 27, -c + 9 = -g. Suppose c*i = 2*i + 5995. Is i composite?
True
Let h = -3681 + 10935. Let t = -4837 + h. Is t prime?
True
Let j(x) = 10*x**3 - 8*x**2 - 8*x - 17. Let z be j(-7). Let q = 6286 + z. Is q a prime number?
True
Let w(h) = -6*h - 68. Let a be w(-10). Is (5 - -236)*-2*20/a a composite number?
True
Let b(n) = 283*n - 31 + 30 + 150*n + 311*n. Is b(5) a prime number?
True
Let c = -293530 + 413079. Is c composite?
False
Let h(x) = 32058*x - 703. Is h(20) composite?
False
Let n(y) = 17*y + 17*y - 57*y + 63*y**2 + 3 + 18*y. Let q(h) = -h + 9. Let x be q(5). Is n(x) a composite number?
False
Let v be (-56)/336 - 67/(-6). Suppose 4*z + 73747 = n, 2*n - v*z - 147461 = -14*z. Is n composite?
True
Let t(y) = 165*y**2 - 68*y - 413. Is t(-30) a prime number?
False
Suppose 4*s - 28 = 84. Let v be (5/2)/(14/s). Suppose -v*u + 947 = -2538. Is u prime?
False
Suppose 12*i - 15*i + 4*z + 76985 = 0, 0 = -5*i - 4*z + 128255. Suppose -4*h + i = 5*j, -5*h - 5243 + 15522 = 2*j. Is j prime?
False
Let w be (807/(-2))/(6 + 135/(-20)). Let x = 836 - w. Suppose -553 - x = -p. Is p a composite number?
True
Suppose 155*f - 49078363 = -176*f. Is f a prime number?
False
Suppose 6*g - 4*z = 9*g + 5874, 0 = 2*g - 2*z + 3902. Let w be (1 + 3752)/((-8)/8). Let v = g - w. Is v a composite number?
True
Let r(h) = 111*h**2 + 24*h - 3653. Is r(-79) composite?
True
Suppose -11*x + 8*x + 192 = 0. Let u = 66 - x. Suppose -a - i = -4*a + 5871, -4*i - 3914 = -u*a. Is a composite?
True
Suppose -65 = 16*t - 21*t. Let a(z) be the second derivative of z**4/2 - 5*z**3 + 5*z**2/2 + z + 1. Is a(t) a prime number?
False
Let p(d) = -d**3 + 16*d**2 - 27*d + 26. Let x be p(14). Suppose 30*t - x*t = -1270. Is t composite?
False
Let y(q) be the first derivative of 10*q**3/3 - 21*q**2/2 - 8*q + 46. Is y(13) a prime number?
True
Let s(a) = a**2 - 4*a - 2. Let i be s(5). Let l(k) = k**3 - 2*k**2 + k - 1. Let q be l(i). Suppose -5*z = q*z - 35936. Is z a prime number?
False
Suppose -25*d = -125*d + 5403939 + 5197761. Is d composite?
True
Suppose -7*k + 1981 = -490. Suppose 4*u - 2931 = k. Is u prime?
True
Let k(l) = 63*l + 4. Suppose 10 + 0 = -2*b. Let g be k(b). Let y = 692 + g. Is y a prime number?
False
Let o be (39/2 + -4)*2. Let i = o - 27. Is (i - 27/6)*-422 a prime number?
True
Let g(b) = b. Let o(h) = -46*h - 7 + 0 + 149*h. Let y(v) = -2*g(v) - o(v). Is y(-4) a composite number?
True
Suppose 3*m = -m + 4*v + 44, 0 = 4*v + 20. Suppose -m*y = 21384 - 107832. Suppose 6*g - y = -2*g. Is g a composite number?
False
Is (-31677997840)/(-16020) - 1/9*(-2 - -3) a composite number?
False
Let s = 72 - 74. Let w(r) = 3*r - 22. Let a be w(9). Is 656 + (s + a - 6) prime?
True
Suppose 3*a + 557*b - 378309 = 554*b, 3*b - 252212 = -2*a. Is a prime?
True
Let t be (27/(-9))/(1 - 0). Let x be t + ((-2620)/(-5))/4. Is (x - -2) + -4 + 3 composite?
True
Let r(v) be the third derivative of 0*v - 2/3*v**3 + 1/24*v**4 - 9*v**2 + 0. Is r(14) a prime number?
False
Let i = -6017 + 22265. Suppose -g + i = 2*g. Suppose g = 13*h - 6505. Is h prime?
False
Suppose -34390154 = -60*b - 27*b - 131*b. Is b composite?
True
Let g = 158769 + -49826. Is g a composite number?
False
Suppose 0*d - w - 6433 = -5*d, 0 = 2*d + 2*w - 2578. Let k = 2109 - d. Let v = k + -485. Is v composite?
False
S